{"id":163,"date":"2025-05-09T18:44:05","date_gmt":"2025-05-09T16:44:05","guid":{"rendered":"http:\/\/preprod.preventionsuicidefrance.org\/?page_id=163"},"modified":"2025-12-17T11:48:05","modified_gmt":"2025-12-17T10:48:05","slug":"soutenir","status":"publish","type":"page","link":"https:\/\/preprod.preventionsuicidefrance.org\/index.php\/soutenir\/","title":{"rendered":"Soutenir"},"content":{"rendered":"<p>[et_pb_section fb_built=\u00a0\u00bb1&Prime; _builder_version=\u00a0\u00bb4.27.4&Prime; _module_preset=\u00a0\u00bbdefault\u00a0\u00bb background_color=\u00a0\u00bb#CCC7DB\u00a0\u00bb background_image=\u00a0\u00bbhttps:\/\/preprod.preventionsuicidefrance.org\/wp-content\/uploads\/2025\/05\/image-fond-napoli-scaled.png\u00a0\u00bb background_size=\u00a0\u00bbcustom\u00a0\u00bb background_image_width=\u00a0\u00bb38%\u00a0\u00bb background_position=\u00a0\u00bbbottom_left\u00a0\u00bb background_horizontal_offset=\u00a0\u00bb-14%\u00a0\u00bb background_vertical_offset=\u00a0\u00bb100%\u00a0\u00bb da_disable_devices=\u00a0\u00bboff|off|off\u00a0\u00bb global_colors_info=\u00a0\u00bb{}\u00a0\u00bb da_is_popup=\u00a0\u00bboff\u00a0\u00bb da_exit_intent=\u00a0\u00bboff\u00a0\u00bb da_has_close=\u00a0\u00bbon\u00a0\u00bb da_alt_close=\u00a0\u00bboff\u00a0\u00bb da_dark_close=\u00a0\u00bboff\u00a0\u00bb da_not_modal=\u00a0\u00bbon\u00a0\u00bb da_is_singular=\u00a0\u00bboff\u00a0\u00bb da_with_loader=\u00a0\u00bboff\u00a0\u00bb da_has_shadow=\u00a0\u00bbon\u00a0\u00bb][et_pb_row _builder_version=\u00a0\u00bb4.27.4&Prime; _module_preset=\u00a0\u00bbdefault\u00a0\u00bb global_colors_info=\u00a0\u00bb{}\u00a0\u00bb][et_pb_column type=\u00a0\u00bb4_4&Prime; _builder_version=\u00a0\u00bb4.27.4&Prime; _module_preset=\u00a0\u00bbdefault\u00a0\u00bb global_colors_info=\u00a0\u00bb{}\u00a0\u00bb][et_pb_text ul_item_indent=\u00a0\u00bb12px\u00a0\u00bb _builder_version=\u00a0\u00bb4.27.4&Prime; _module_preset=\u00a0\u00bbdefault\u00a0\u00bb ul_text_color=\u00a0\u00bb#FFF0A3&Prime; header_2_text_color=\u00a0\u00bb#FFF0A3&Prime; header_3_text_color=\u00a0\u00bb#FFF0A3&Prime; global_colors_info=\u00a0\u00bb{}\u00a0\u00bb header_line_height__hover_enabled=\u00a0\u00bboff|desktop\u00a0\u00bb]<\/p>\n<h1>Nous soutenir<\/h1>\n<p>En soutenant nos initiatives, vous agissez concr\u00e8tement pour la pr\u00e9vention du suicide.<\/p>\n<p>Avec une m\u00e9thodologie rigoureuse, nous s\u00e9lectionnons des projets \u00e0 fort impact, r\u00e9pondant \u00e0 des crit\u00e8res scientifiques et capables de se d\u00e9ployer \u00e0 grande \u00e9chelle. Nous les accompagnons d\u00e8s leur phase d\u2019amor\u00e7age, et agissons pour leur p\u00e9rennit\u00e9 via notre plaidoyer aupr\u00e8s des d\u00e9cideurs publics.<br \/>En soutenant des projets adapt\u00e9s \u00e0 des publics et des territoires vari\u00e9s, votre g\u00e9n\u00e9rosit\u00e9 encourage le d\u00e9veloppement de solutions nouvelles, essentielles pour r\u00e9pondre \u00e0 la complexit\u00e9 des causes du suicide.<\/p>\n<p>[\/et_pb_text][\/et_pb_column][\/et_pb_row][et_pb_row column_structure=\u00a0\u00bb1_3,1_3,1_3&Prime; _builder_version=\u00a0\u00bb4.27.4&Prime; _module_preset=\u00a0\u00bbdefault\u00a0\u00bb hover_enabled=\u00a0\u00bb0&Prime; global_colors_info=\u00a0\u00bb{}\u00a0\u00bb width__hover_enabled=\u00a0\u00bboff|desktop\u00a0\u00bb disabled_on=\u00a0\u00bbon|on|on\u00a0\u00bb disabled=\u00a0\u00bbon\u00a0\u00bb sticky_enabled=\u00a0\u00bb0&Prime;][et_pb_column type=\u00a0\u00bb1_3&Prime; _builder_version=\u00a0\u00bb4.27.4&Prime; _module_preset=\u00a0\u00bbdefault\u00a0\u00bb global_colors_info=\u00a0\u00bb{}\u00a0\u00bb][et_pb_text _builder_version=\u00a0\u00bb4.27.4&Prime; _module_preset=\u00a0\u00bbdefault\u00a0\u00bb text_font_size=\u00a0\u00bb50px\u00a0\u00bb header_2_font_size=\u00a0\u00bb36px\u00a0\u00bb header_2_line_height=\u00a0\u00bb1.3em\u00a0\u00bb global_colors_info=\u00a0\u00bb{}\u00a0\u00bb]<\/p>\n<h2><strong>Comment votre don est-il utilis\u00e9 ?<\/strong><\/h2>\n<p>[\/et_pb_text][\/et_pb_column][et_pb_column type=\u00a0\u00bb1_3&Prime; _builder_version=\u00a0\u00bb4.27.4&Prime; _module_preset=\u00a0\u00bbdefault\u00a0\u00bb global_colors_info=\u00a0\u00bb{}\u00a0\u00bb][et_pb_text _builder_version=\u00a0\u00bb4.27.4&Prime; _module_preset=\u00a0\u00bbdefault\u00a0\u00bb global_colors_info=\u00a0\u00bb{}\u00a0\u00bb]<\/p>\n<p style=\"text-align: center;\"><strong><span style=\"font-size: xx-large;\">85 %<\/span><\/strong><\/p>\n<p>de votre don est directement investi dans la mise en \u0153uvre des projets s\u00e9lectionn\u00e9s. Nous en assurons un suivi rigoureux pour garantir leur efficacit\u00e9.<\/p>\n<p>[\/et_pb_text][\/et_pb_column][et_pb_column type=\u00a0\u00bb1_3&Prime; _builder_version=\u00a0\u00bb4.27.4&Prime; _module_preset=\u00a0\u00bbdefault\u00a0\u00bb global_colors_info=\u00a0\u00bb{}\u00a0\u00bb][et_pb_text _builder_version=\u00a0\u00bb4.27.4&Prime; _module_preset=\u00a0\u00bbdefault\u00a0\u00bb global_colors_info=\u00a0\u00bb{}\u00a0\u00bb]<\/p>\n<p style=\"text-align: center;\"><strong><span style=\"font-size: xx-large;\">15 %<\/span><\/strong><\/p>\n<p class=\"p1\">de votre don est consacr\u00e9 au fonctionnement de Pr\u00e9vention Suicide France : \u00e0 l\u2019organisation des appels \u00e0 projets, \u00e0 l\u2019accompagnement des structures et aux actions de plaidoyer.<\/p>\n<p>[\/et_pb_text][\/et_pb_column][\/et_pb_row][et_pb_row _builder_version=\u00a0\u00bb4.27.4&Prime; _module_preset=\u00a0\u00bbdefault\u00a0\u00bb global_colors_info=\u00a0\u00bb{}\u00a0\u00bb width__hover_enabled=\u00a0\u00bboff|desktop\u00a0\u00bb][et_pb_column type=\u00a0\u00bb4_4&Prime; _builder_version=\u00a0\u00bb4.27.4&Prime; _module_preset=\u00a0\u00bbdefault\u00a0\u00bb global_colors_info=\u00a0\u00bb{}\u00a0\u00bb][et_pb_code _builder_version=\u00a0\u00bb4.27.4&Prime; _module_preset=\u00a0\u00bbdefault\u00a0\u00bb global_colors_info=\u00a0\u00bb{}\u00a0\u00bb]<iframe id=\"haWidget\" allowtransparency=\"true\" scrolling=\"auto\" src=\"https:\/\/www.helloasso.com\/associations\/prevention-suicide-france\/formulaires\/1\/widget\" style=\"width: 100%; height: 1300px; border: none;\"><\/iframe>[\/et_pb_code][\/et_pb_column][\/et_pb_row][\/et_pb_section]<\/p>\n","protected":false},"excerpt":{"rendered":"<p>Nous soutenir En soutenant nos initiatives, vous agissez concr\u00e8tement pour la pr\u00e9vention du suicide. Avec une m\u00e9thodologie rigoureuse, nous s\u00e9lectionnons des projets \u00e0 fort impact, r\u00e9pondant \u00e0 des crit\u00e8res scientifiques et capables de se d\u00e9ployer \u00e0 grande \u00e9chelle. Nous les accompagnons d\u00e8s leur phase d\u2019amor\u00e7age, et agissons pour leur p\u00e9rennit\u00e9 via notre plaidoyer aupr\u00e8s des [&hellip;]<\/p>\n","protected":false},"author":1,"featured_media":0,"parent":0,"menu_order":0,"comment_status":"closed","ping_status":"closed","template":"","meta":{"_et_pb_use_builder":"on","_et_pb_old_content":"","_et_gb_content_width":"","footnotes":""},"class_list":["post-163","page","type-page","status-publish","hentry"],"yoast_head":"<!-- This site is optimized with the Yoast SEO plugin v26.6 - https:\/\/yoast.com\/wordpress\/plugins\/seo\/ -->\n<title>Soutenir - Pr\u00e9vention suicide France<\/title>\n<meta name=\"robots\" content=\"noindex, follow, max-snippet:-1, max-image-preview:large, max-video-preview:-1\" \/>\n<meta property=\"og:locale\" content=\"fr_FR\" \/>\n<meta property=\"og:type\" content=\"article\" \/>\n<meta property=\"og:title\" content=\"Soutenir - Pr\u00e9vention suicide France\" \/>\n<meta property=\"og:description\" content=\"Nous soutenir En soutenant nos initiatives, vous agissez concr\u00e8tement pour la pr\u00e9vention du suicide. Avec une m\u00e9thodologie rigoureuse, nous s\u00e9lectionnons des projets \u00e0 fort impact, r\u00e9pondant \u00e0 des crit\u00e8res scientifiques et capables de se d\u00e9ployer \u00e0 grande \u00e9chelle. Nous les accompagnons d\u00e8s leur phase d\u2019amor\u00e7age, et agissons pour leur p\u00e9rennit\u00e9 via notre plaidoyer aupr\u00e8s des [&hellip;]\" \/>\n<meta property=\"og:url\" content=\"https:\/\/preprod.preventionsuicidefrance.org\/index.php\/soutenir\/\" \/>\n<meta property=\"og:site_name\" content=\"Pr\u00e9vention suicide France\" \/>\n<meta property=\"article:modified_time\" content=\"2025-12-17T10:48:05+00:00\" \/>\n<meta name=\"twitter:card\" content=\"summary_large_image\" \/>\n<meta name=\"twitter:label1\" content=\"Dur\u00e9e de lecture estim\u00e9e\" \/>\n\t<meta name=\"twitter:data1\" content=\"2 minutes\" \/>\n<script type=\"application\/ld+json\" class=\"yoast-schema-graph\">{\"@context\":\"https:\/\/schema.org\",\"@graph\":[{\"@type\":\"WebPage\",\"@id\":\"https:\/\/preprod.preventionsuicidefrance.org\/index.php\/soutenir\/\",\"url\":\"https:\/\/preprod.preventionsuicidefrance.org\/index.php\/soutenir\/\",\"name\":\"Soutenir - Pr\u00e9vention suicide France\",\"isPartOf\":{\"@id\":\"https:\/\/preprod.preventionsuicidefrance.org\/#website\"},\"datePublished\":\"2025-05-09T16:44:05+00:00\",\"dateModified\":\"2025-12-17T10:48:05+00:00\",\"breadcrumb\":{\"@id\":\"https:\/\/preprod.preventionsuicidefrance.org\/index.php\/soutenir\/#breadcrumb\"},\"inLanguage\":\"fr-FR\",\"potentialAction\":[{\"@type\":\"ReadAction\",\"target\":[\"https:\/\/preprod.preventionsuicidefrance.org\/index.php\/soutenir\/\"]}]},{\"@type\":\"BreadcrumbList\",\"@id\":\"https:\/\/preprod.preventionsuicidefrance.org\/index.php\/soutenir\/#breadcrumb\",\"itemListElement\":[{\"@type\":\"ListItem\",\"position\":1,\"name\":\"Accueil\",\"item\":\"https:\/\/preprod.preventionsuicidefrance.org\/\"},{\"@type\":\"ListItem\",\"position\":2,\"name\":\"Soutenir\"}]},{\"@type\":\"WebSite\",\"@id\":\"https:\/\/preprod.preventionsuicidefrance.org\/#website\",\"url\":\"https:\/\/preprod.preventionsuicidefrance.org\/\",\"name\":\"Pr\u00e9vention suicide France\",\"description\":\"Pour une pr\u00e9vention du suicide qui innove et rassemble\",\"potentialAction\":[{\"@type\":\"SearchAction\",\"target\":{\"@type\":\"EntryPoint\",\"urlTemplate\":\"https:\/\/preprod.preventionsuicidefrance.org\/?s={search_term_string}\"},\"query-input\":{\"@type\":\"PropertyValueSpecification\",\"valueRequired\":true,\"valueName\":\"search_term_string\"}}],\"inLanguage\":\"fr-FR\"}]}<\/script>\n<!-- \/ Yoast SEO plugin. -->","yoast_head_json":{"title":"Soutenir - Pr\u00e9vention suicide France","robots":{"index":"noindex","follow":"follow","max-snippet":"max-snippet:-1","max-image-preview":"max-image-preview:large","max-video-preview":"max-video-preview:-1"},"og_locale":"fr_FR","og_type":"article","og_title":"Soutenir - Pr\u00e9vention suicide France","og_description":"Nous soutenir En soutenant nos initiatives, vous agissez concr\u00e8tement pour la pr\u00e9vention du suicide. Avec une m\u00e9thodologie rigoureuse, nous s\u00e9lectionnons des projets \u00e0 fort impact, r\u00e9pondant \u00e0 des crit\u00e8res scientifiques et capables de se d\u00e9ployer \u00e0 grande \u00e9chelle. Nous les accompagnons d\u00e8s leur phase d\u2019amor\u00e7age, et agissons pour leur p\u00e9rennit\u00e9 via notre plaidoyer aupr\u00e8s des [&hellip;]","og_url":"https:\/\/preprod.preventionsuicidefrance.org\/index.php\/soutenir\/","og_site_name":"Pr\u00e9vention suicide France","article_modified_time":"2025-12-17T10:48:05+00:00","twitter_card":"summary_large_image","twitter_misc":{"Dur\u00e9e de lecture estim\u00e9e":"2 minutes"},"schema":{"@context":"https:\/\/schema.org","@graph":[{"@type":"WebPage","@id":"https:\/\/preprod.preventionsuicidefrance.org\/index.php\/soutenir\/","url":"https:\/\/preprod.preventionsuicidefrance.org\/index.php\/soutenir\/","name":"Soutenir - Pr\u00e9vention suicide France","isPartOf":{"@id":"https:\/\/preprod.preventionsuicidefrance.org\/#website"},"datePublished":"2025-05-09T16:44:05+00:00","dateModified":"2025-12-17T10:48:05+00:00","breadcrumb":{"@id":"https:\/\/preprod.preventionsuicidefrance.org\/index.php\/soutenir\/#breadcrumb"},"inLanguage":"fr-FR","potentialAction":[{"@type":"ReadAction","target":["https:\/\/preprod.preventionsuicidefrance.org\/index.php\/soutenir\/"]}]},{"@type":"BreadcrumbList","@id":"https:\/\/preprod.preventionsuicidefrance.org\/index.php\/soutenir\/#breadcrumb","itemListElement":[{"@type":"ListItem","position":1,"name":"Accueil","item":"https:\/\/preprod.preventionsuicidefrance.org\/"},{"@type":"ListItem","position":2,"name":"Soutenir"}]},{"@type":"WebSite","@id":"https:\/\/preprod.preventionsuicidefrance.org\/#website","url":"https:\/\/preprod.preventionsuicidefrance.org\/","name":"Pr\u00e9vention suicide France","description":"Pour une pr\u00e9vention du suicide qui innove et rassemble","potentialAction":[{"@type":"SearchAction","target":{"@type":"EntryPoint","urlTemplate":"https:\/\/preprod.preventionsuicidefrance.org\/?s={search_term_string}"},"query-input":{"@type":"PropertyValueSpecification","valueRequired":true,"valueName":"search_term_string"}}],"inLanguage":"fr-FR"}]}},"_links":{"self":[{"href":"https:\/\/preprod.preventionsuicidefrance.org\/index.php\/wp-json\/wp\/v2\/pages\/163","targetHints":{"allow":["GET"]}}],"collection":[{"href":"https:\/\/preprod.preventionsuicidefrance.org\/index.php\/wp-json\/wp\/v2\/pages"}],"about":[{"href":"https:\/\/preprod.preventionsuicidefrance.org\/index.php\/wp-json\/wp\/v2\/types\/page"}],"author":[{"embeddable":true,"href":"https:\/\/preprod.preventionsuicidefrance.org\/index.php\/wp-json\/wp\/v2\/users\/1"}],"replies":[{"embeddable":true,"href":"https:\/\/preprod.preventionsuicidefrance.org\/index.php\/wp-json\/wp\/v2\/comments?post=163"}],"version-history":[{"count":22,"href":"https:\/\/preprod.preventionsuicidefrance.org\/index.php\/wp-json\/wp\/v2\/pages\/163\/revisions"}],"predecessor-version":[{"id":845,"href":"https:\/\/preprod.preventionsuicidefrance.org\/index.php\/wp-json\/wp\/v2\/pages\/163\/revisions\/845"}],"wp:attachment":[{"href":"https:\/\/preprod.preventionsuicidefrance.org\/index.php\/wp-json\/wp\/v2\/media?parent=163"}],"curies":[{"name":"wp","href":"https:\/\/api.w.org\/{rel}","templated":true}]}}