{"id":839,"date":"2025-12-17T11:28:16","date_gmt":"2025-12-17T10:28:16","guid":{"rendered":"https:\/\/preprod.preventionsuicidefrance.org\/?page_id=839"},"modified":"2025-12-17T23:19:52","modified_gmt":"2025-12-17T22:19:52","slug":"nos-actions-2","status":"publish","type":"page","link":"https:\/\/preprod.preventionsuicidefrance.org\/index.php\/nos-actions-2\/","title":{"rendered":"Nos actions"},"content":{"rendered":"<p>[et_pb_section fb_built=\u00a0\u00bb1&Prime; _builder_version=\u00a0\u00bb4.27.4&Prime; _module_preset=\u00a0\u00bbdefault\u00a0\u00bb background_color=\u00a0\u00bb#CCC7DB\u00a0\u00bb background_image=\u00a0\u00bbhttps:\/\/preprod.preventionsuicidefrance.org\/wp-content\/uploads\/2025\/05\/image-fond-napoli-scaled.png\u00a0\u00bb background_size=\u00a0\u00bbcustom\u00a0\u00bb background_image_width=\u00a0\u00bb44%\u00a0\u00bb background_position=\u00a0\u00bbtop_left\u00a0\u00bb background_horizontal_offset=\u00a0\u00bb-26%\u00a0\u00bb background_vertical_offset=\u00a0\u00bb2%\u00a0\u00bb da_disable_devices=\u00a0\u00bboff|off|off\u00a0\u00bb global_colors_info=\u00a0\u00bb{}\u00a0\u00bb da_is_popup=\u00a0\u00bboff\u00a0\u00bb da_exit_intent=\u00a0\u00bboff\u00a0\u00bb da_has_close=\u00a0\u00bbon\u00a0\u00bb da_alt_close=\u00a0\u00bboff\u00a0\u00bb da_dark_close=\u00a0\u00bboff\u00a0\u00bb da_not_modal=\u00a0\u00bbon\u00a0\u00bb da_is_singular=\u00a0\u00bboff\u00a0\u00bb da_with_loader=\u00a0\u00bboff\u00a0\u00bb da_has_shadow=\u00a0\u00bbon\u00a0\u00bb][et_pb_row _builder_version=\u00a0\u00bb4.27.4&Prime; _module_preset=\u00a0\u00bbdefault\u00a0\u00bb global_colors_info=\u00a0\u00bb{}\u00a0\u00bb][et_pb_column type=\u00a0\u00bb4_4&Prime; _builder_version=\u00a0\u00bb4.27.4&Prime; _module_preset=\u00a0\u00bbdefault\u00a0\u00bb global_colors_info=\u00a0\u00bb{}\u00a0\u00bb][et_pb_text _builder_version=\u00a0\u00bb4.27.4&Prime; _module_preset=\u00a0\u00bbdefault\u00a0\u00bb text_line_height=\u00a0\u00bb1.6em\u00a0\u00bb header_3_font=\u00a0\u00bb||||||||\u00a0\u00bb header_3_text_color=\u00a0\u00bb#4F3DCF\u00a0\u00bb header_3_font_size=\u00a0\u00bb24px\u00a0\u00bb hover_enabled=\u00a0\u00bb0&Prime; global_colors_info=\u00a0\u00bb{}\u00a0\u00bb sticky_enabled=\u00a0\u00bb0&Prime;]<\/p>\n<h1>Nos actions<\/h1>\n<p>&nbsp;<\/p>\n<h2>Soutenir les acteurs de terrain<\/h2>\n<p>Nous finan\u00e7ons et accompagnons des projets port\u00e9s par des acteurs engag\u00e9s, pour <strong>faire \u00e9merger de solutions cr\u00e9atives et efficaces<\/strong> en pr\u00e9vention du suicide.<br \/>Gr\u00e2ce \u00e0 nos appels \u00e0 projets, nous offrons aux structures de toute taille \u2013 en m\u00e9tropole comme en outre-mer \u2013 l\u2019opportunit\u00e9 de proposer leurs initiatives. Les projets pr\u00e9s\u00e9lectionn\u00e9s sont examin\u00e9s avec rigueur par<strong> un jury qui associe experts, \u00e9valuateurs externes et personnes concern\u00e9es par le suicide.<\/strong><\/p>\n<p><strong>Chaque initiative est analys\u00e9e sous trois angles compl\u00e9mentaires :<\/strong><\/p>\n<p>[\/et_pb_text][\/et_pb_column][\/et_pb_row][et_pb_row column_structure=\u00a0\u00bb1_3,1_3,1_3&Prime; make_equal=\u00a0\u00bbon\u00a0\u00bb _builder_version=\u00a0\u00bb4.27.4&Prime; _module_preset=\u00a0\u00bbdefault\u00a0\u00bb background_enable_image=\u00a0\u00bboff\u00a0\u00bb global_colors_info=\u00a0\u00bb{}\u00a0\u00bb][et_pb_column type=\u00a0\u00bb1_3&Prime; _builder_version=\u00a0\u00bb4.27.4&Prime; _module_preset=\u00a0\u00bbdefault\u00a0\u00bb background_color=\u00a0\u00bb#FFFFFF\u00a0\u00bb background_enable_image=\u00a0\u00bboff\u00a0\u00bb custom_padding=\u00a0\u00bb20px|20px|20px|20px|true|true\u00a0\u00bb border_radii=\u00a0\u00bbon|10px|10px|10px|10px\u00a0\u00bb global_colors_info=\u00a0\u00bb{}\u00a0\u00bb][et_pb_icon font_icon=\u00a0\u00bb&#xe00a;||divi||400&Prime; icon_color=\u00a0\u00bb#4F3DCF\u00a0\u00bb icon_width=\u00a0\u00bb40px\u00a0\u00bb align=\u00a0\u00bbleft\u00a0\u00bb _builder_version=\u00a0\u00bb4.27.4&Prime; _module_preset=\u00a0\u00bbdefault\u00a0\u00bb global_colors_info=\u00a0\u00bb{}\u00a0\u00bb][\/et_pb_icon][et_pb_text _builder_version=\u00a0\u00bb4.27.4&Prime; _module_preset=\u00a0\u00bbdefault\u00a0\u00bb text_line_height=\u00a0\u00bb1.6em\u00a0\u00bb header_3_font=\u00a0\u00bb||||||||\u00a0\u00bb header_3_text_color=\u00a0\u00bb#4F3DCF\u00a0\u00bb header_3_font_size=\u00a0\u00bb24px\u00a0\u00bb global_colors_info=\u00a0\u00bb{}\u00a0\u00bb]<\/p>\n<h3><strong>Scientifique :<\/strong><\/h3>\n<p>la d\u00e9marche est-elle en coh\u00e9rence avec les connaissances actuelles en pr\u00e9vention du suicide &nbsp;?[\/et_pb_text][dsm_icon_list _builder_version=\u00a0\u00bb4.27.4&Prime; _module_preset=\u00a0\u00bbdefault\u00a0\u00bb global_colors_info=\u00a0\u00bb{}\u00a0\u00bb][\/dsm_icon_list][\/et_pb_column][et_pb_column type=\u00a0\u00bb1_3&Prime; _builder_version=\u00a0\u00bb4.27.4&Prime; _module_preset=\u00a0\u00bbdefault\u00a0\u00bb background_color=\u00a0\u00bb#FFFFFF\u00a0\u00bb background_enable_image=\u00a0\u00bboff\u00a0\u00bb custom_padding=\u00a0\u00bb20px|20px|20px|20px|true|true\u00a0\u00bb border_radii=\u00a0\u00bbon|10px|10px|10px|10px\u00a0\u00bb global_colors_info=\u00a0\u00bb{}\u00a0\u00bb][et_pb_icon font_icon=\u00a0\u00bb&#xe0df;||divi||400&Prime; icon_color=\u00a0\u00bb#4F3DCF\u00a0\u00bb icon_width=\u00a0\u00bb40px\u00a0\u00bb align=\u00a0\u00bbleft\u00a0\u00bb _builder_version=\u00a0\u00bb4.27.4&Prime; _module_preset=\u00a0\u00bbdefault\u00a0\u00bb global_colors_info=\u00a0\u00bb{}\u00a0\u00bb][\/et_pb_icon][et_pb_text _builder_version=\u00a0\u00bb4.27.4&Prime; _module_preset=\u00a0\u00bbdefault\u00a0\u00bb text_line_height=\u00a0\u00bb1.6em\u00a0\u00bb header_3_font=\u00a0\u00bb||||||||\u00a0\u00bb header_3_text_color=\u00a0\u00bb#4F3DCF\u00a0\u00bb header_3_font_size=\u00a0\u00bb24px\u00a0\u00bb global_colors_info=\u00a0\u00bb{}\u00a0\u00bb]<\/p>\n<h3><strong>Organisationnel :<\/strong><\/h3>\n<p>comment la structure porteuse fonctionne-t-elle &#8239;? A-t-elle les ressources n\u00e9cessaires ou un accompagnement est-il requis &#8239;?[\/et_pb_text][\/et_pb_column][et_pb_column type=\u00a0\u00bb1_3&Prime; _builder_version=\u00a0\u00bb4.27.4&Prime; _module_preset=\u00a0\u00bbdefault\u00a0\u00bb background_color=\u00a0\u00bb#FFFFFF\u00a0\u00bb background_enable_image=\u00a0\u00bboff\u00a0\u00bb custom_padding=\u00a0\u00bb20px|20px|20px|20px|true|true\u00a0\u00bb border_radii=\u00a0\u00bbon|10px|10px|10px|10px\u00a0\u00bb global_colors_info=\u00a0\u00bb{}\u00a0\u00bb][et_pb_icon font_icon=\u00a0\u00bb&#xf007;||fa||900&Prime; icon_color=\u00a0\u00bb#4F3DCF\u00a0\u00bb icon_width=\u00a0\u00bb40px\u00a0\u00bb align=\u00a0\u00bbleft\u00a0\u00bb _builder_version=\u00a0\u00bb4.27.4&Prime; _module_preset=\u00a0\u00bbdefault\u00a0\u00bb global_colors_info=\u00a0\u00bb{}\u00a0\u00bb][\/et_pb_icon][et_pb_text _builder_version=\u00a0\u00bb4.27.4&Prime; _module_preset=\u00a0\u00bbdefault\u00a0\u00bb text_line_height=\u00a0\u00bb1.6em\u00a0\u00bb header_3_font=\u00a0\u00bb||||||||\u00a0\u00bb header_3_text_color=\u00a0\u00bb#4F3DCF\u00a0\u00bb header_3_font_size=\u00a0\u00bb24px\u00a0\u00bb global_colors_info=\u00a0\u00bb{}\u00a0\u00bb]<\/p>\n<h3><strong>Exp\u00e9rientiel :<\/strong><\/h3>\n<p>les personnes directement touch\u00e9es \u2013 par des pens\u00e9es suicidaires ou un deuil \u2013 sont-elles v\u00e9ritablement impliqu\u00e9es? Comment seront-elles impact\u00e9es personnellement par le projet\u202f?[\/et_pb_text][\/et_pb_column][\/et_pb_row][et_pb_row column_structure=\u00a0\u00bb3_5,2_5&Prime; make_equal=\u00a0\u00bbon\u00a0\u00bb disabled_on=\u00a0\u00bboff|off|off\u00a0\u00bb _builder_version=\u00a0\u00bb4.27.4&Prime; _module_preset=\u00a0\u00bbdefault\u00a0\u00bb background_color=\u00a0\u00bb#4F3DCF\u00a0\u00bb module_alignment=\u00a0\u00bbcenter\u00a0\u00bb custom_margin=\u00a0\u00bb2em||2em||false|false\u00a0\u00bb custom_padding=\u00a0\u00bb|2em||2em|false|false\u00a0\u00bb hover_enabled=\u00a0\u00bb0&Prime; border_radii=\u00a0\u00bbon|10px|10px|10px|10px\u00a0\u00bb global_colors_info=\u00a0\u00bb{}\u00a0\u00bb sticky_enabled=\u00a0\u00bb0&Prime;][et_pb_column type=\u00a0\u00bb3_5&Prime; _builder_version=\u00a0\u00bb4.27.4&Prime; _module_preset=\u00a0\u00bbdefault\u00a0\u00bb hover_enabled=\u00a0\u00bb0&Prime; global_colors_info=\u00a0\u00bb{}\u00a0\u00bb custom_padding=\u00a0\u00bb2em|2em|2em|2em|true|true\u00a0\u00bb sticky_enabled=\u00a0\u00bb0&Prime;][et_pb_text _builder_version=\u00a0\u00bb4.27.4&Prime; _module_preset=\u00a0\u00bbdefault\u00a0\u00bb text_font=\u00a0\u00bbAlmarai|800|||||||\u00a0\u00bb text_text_color=\u00a0\u00bb#FFFFFF\u00a0\u00bb text_line_height=\u00a0\u00bb1.6em\u00a0\u00bb header_3_font=\u00a0\u00bb|700|||||||\u00a0\u00bb header_3_text_color=\u00a0\u00bb#FFFFFF\u00a0\u00bb header_3_font_size=\u00a0\u00bb24px\u00a0\u00bb custom_padding=\u00a0\u00bb2em||||false|false\u00a0\u00bb hover_enabled=\u00a0\u00bb0&Prime; global_colors_info=\u00a0\u00bb{}\u00a0\u00bb sticky_enabled=\u00a0\u00bb0&Prime; header_2_text_color=\u00a0\u00bb#FFFFFF\u00a0\u00bb header_2_line_height=\u00a0\u00bb2em\u00a0\u00bb]<\/p>\n<h2><\/h2>\n<h2>Les projets soutenus<\/h2>\n<p>Les projets retenus b\u00e9n\u00e9ficient d\u2019un soutien financier sur deux \u00e0 trois ans, ainsi que d\u2019un accompagnement sur mesure. En lien \u00e9troit avec les porteurs de projet, nous mobilisons notre r\u00e9seau et nos expertises pour favoriser leur r\u00e9ussite : appui m\u00e9thodologique, \u00e9clairages scientifiques, mises en relation strat\u00e9giques&#8230;<\/p>\n<p>Enfin, nous \u00e9valuons les actions men\u00e9es et partageons les enseignements tir\u00e9s, afin de renforcer les pratiques de terrain et d\u2019inspirer les politiques publiques par des exp\u00e9riences concr\u00e8tes et \u00e9prouv\u00e9es en pr\u00e9vention du suicide.<\/p>\n<p>&nbsp;<\/p>\n<p>[\/et_pb_text][et_pb_button button_url=\u00a0\u00bb@ET-DC@eyJkeW5hbWljIjp0cnVlLCJjb250ZW50IjoicG9zdF9saW5rX3VybF9wYWdlIiwic2V0dGluZ3MiOnsicG9zdF9pZCI6IjcxNCJ9fQ==@\u00a0\u00bb button_text=\u00a0\u00bbvoir tous les projets soutenus\u00a0\u00bb button_alignment=\u00a0\u00bbleft\u00a0\u00bb _builder_version=\u00a0\u00bb4.27.4&Prime; _dynamic_attributes=\u00a0\u00bbbutton_url\u00a0\u00bb _module_preset=\u00a0\u00bbdefault\u00a0\u00bb custom_button=\u00a0\u00bbon\u00a0\u00bb button_text_color=\u00a0\u00bb#FFF0A3&Prime; button_border_width=\u00a0\u00bb2px\u00a0\u00bb global_colors_info=\u00a0\u00bb{}\u00a0\u00bb button_text_color__hover_enabled=\u00a0\u00bbon|hover\u00a0\u00bb button_text_color__hover=\u00a0\u00bb#4F3DCF\u00a0\u00bb button_bg_color__hover_enabled=\u00a0\u00bbon|desktop\u00a0\u00bb button_bg_color__hover=\u00a0\u00bb#FFF0A3&Prime; button_bg_enable_color__hover=\u00a0\u00bbon\u00a0\u00bb][\/et_pb_button][\/et_pb_column][et_pb_column type=\u00a0\u00bb2_5&Prime; _builder_version=\u00a0\u00bb4.27.4&Prime; _module_preset=\u00a0\u00bbdefault\u00a0\u00bb global_colors_info=\u00a0\u00bb{}\u00a0\u00bb][et_pb_slider arrows_custom_color=\u00a0\u00bb#FFF0A3&Prime; dot_nav_custom_color=\u00a0\u00bb#FFF0A3&Prime; _builder_version=\u00a0\u00bb4.27.4&Prime; _module_preset=\u00a0\u00bbdefault\u00a0\u00bb header_font=\u00a0\u00bb|&#8211;et_global_heading_font_weight|||||||\u00a0\u00bb header_text_color=\u00a0\u00bb#FFF0A3&Prime; header_font_size=\u00a0\u00bb36px\u00a0\u00bb body_font=\u00a0\u00bb&#8211;et_global_heading_font||||||||\u00a0\u00bb body_font_size=\u00a0\u00bb16px\u00a0\u00bb background_color=\u00a0\u00bbRGBA(255,255,255,0)\u00a0\u00bb custom_button=\u00a0\u00bbon\u00a0\u00bb button_text_color=\u00a0\u00bb#FFF0A3&Prime; button_bg_color=\u00a0\u00bbRGBA(255,255,255,0)\u00a0\u00bb button_icon_placement=\u00a0\u00bbleft\u00a0\u00bb locked=\u00a0\u00bboff\u00a0\u00bb global_colors_info=\u00a0\u00bb{}\u00a0\u00bb][et_pb_slide heading=\u00a0\u00bbLim on the road\u00a0\u00bb button_text=\u00a0\u00bbVoir le projet\u00a0\u00bb button_link=\u00a0\u00bb@ET-DC@eyJkeW5hbWljIjp0cnVlLCJjb250ZW50IjoicG9zdF9saW5rX3VybF9wcm9qZWN0Iiwic2V0dGluZ3MiOnsicG9zdF9pZCI6Ijc5NSJ9fQ==@\u00a0\u00bb image=\u00a0\u00bbhttps:\/\/preprod.preventionsuicidefrance.org\/wp-content\/uploads\/2025\/12\/PTSM-1.png\u00a0\u00bb _builder_version=\u00a0\u00bb4.27.4&Prime; _dynamic_attributes=\u00a0\u00bbbutton_link\u00a0\u00bb _module_preset=\u00a0\u00bbdefault\u00a0\u00bb locked=\u00a0\u00bboff\u00a0\u00bb global_colors_info=\u00a0\u00bb{}\u00a0\u00bb sticky_transition=\u00a0\u00bbon\u00a0\u00bb]<\/p>\n<p><span class=\"a_GcMg font-feature-liga-off font-feature-clig-off font-feature-calt-off text-decoration-none text-strikethrough-none\">La caravane qui va \u00e0 la rencontre des silences<\/span><\/p>\n<p>[\/et_pb_slide][et_pb_slide heading=\u00a0\u00bbLes ulysses\u00a0\u00bb button_text=\u00a0\u00bbVoir le projet\u00a0\u00bb button_link=\u00a0\u00bb@ET-DC@eyJkeW5hbWljIjp0cnVlLCJjb250ZW50IjoicG9zdF9saW5rX3VybF9wcm9qZWN0Iiwic2V0dGluZ3MiOnsicG9zdF9pZCI6IjgwMSJ9fQ==@\u00a0\u00bb image=\u00a0\u00bbhttps:\/\/preprod.preventionsuicidefrance.org\/wp-content\/uploads\/2025\/12\/ulysse-1.png\u00a0\u00bb _builder_version=\u00a0\u00bb4.27.4&Prime; _dynamic_attributes=\u00a0\u00bbbutton_link\u00a0\u00bb _module_preset=\u00a0\u00bbdefault\u00a0\u00bb locked=\u00a0\u00bboff\u00a0\u00bb global_colors_info=\u00a0\u00bb{}\u00a0\u00bb sticky_transition=\u00a0\u00bbon\u00a0\u00bb]<\/p>\n<p><span class=\"a_GcMg font-feature-liga-off font-feature-clig-off font-feature-calt-off text-decoration-none text-strikethrough-none\">La plateforme num\u00e9rique de pair-aidance<\/span><\/p>\n<p>[\/et_pb_slide][et_pb_slide heading=\u00a0\u00bbProjet balise\u00a0\u00bb button_text=\u00a0\u00bbVoir le projet\u00a0\u00bb button_link=\u00a0\u00bb@ET-DC@eyJkeW5hbWljIjp0cnVlLCJjb250ZW50IjoicG9zdF9saW5rX3VybF9wcm9qZWN0Iiwic2V0dGluZ3MiOnsicG9zdF9pZCI6IjgwNSJ9fQ==@\u00a0\u00bb image=\u00a0\u00bbhttps:\/\/preprod.preventionsuicidefrance.org\/wp-content\/uploads\/2025\/12\/balise-1.png\u00a0\u00bb _builder_version=\u00a0\u00bb4.27.4&Prime; _dynamic_attributes=\u00a0\u00bbbutton_link\u00a0\u00bb _module_preset=\u00a0\u00bbdefault\u00a0\u00bb locked=\u00a0\u00bboff\u00a0\u00bb global_colors_info=\u00a0\u00bb{}\u00a0\u00bb sticky_transition=\u00a0\u00bbon\u00a0\u00bb]<\/p>\n<p><span class=\"a_GcMg font-feature-liga-off font-feature-clig-off font-feature-calt-off text-decoration-none text-strikethrough-none\">Un soutien pens\u00e9 par des jeunes, pour des jeunes<\/span><span class=\"a_GcMg font-feature-liga-off font-feature-clig-off font-feature-calt-off text-decoration-none text-strikethrough-none white-space-prewrap\"> <\/span><\/p>\n<p>[\/et_pb_slide][et_pb_slide heading=\u00a0\u00bbLe prix de la vocation\u00a0\u00bb button_text=\u00a0\u00bbVoir le projet\u00a0\u00bb button_link=\u00a0\u00bb@ET-DC@eyJkeW5hbWljIjp0cnVlLCJjb250ZW50IjoicG9zdF9saW5rX3VybF9wcm9qZWN0Iiwic2V0dGluZ3MiOnsicG9zdF9pZCI6IjgwOCJ9fQ==@\u00a0\u00bb image=\u00a0\u00bbhttps:\/\/preprod.preventionsuicidefrance.org\/wp-content\/uploads\/2025\/12\/vocation-1.png\u00a0\u00bb _builder_version=\u00a0\u00bb4.27.4&Prime; _dynamic_attributes=\u00a0\u00bbbutton_link\u00a0\u00bb _module_preset=\u00a0\u00bbdefault\u00a0\u00bb locked=\u00a0\u00bboff\u00a0\u00bb global_colors_info=\u00a0\u00bb{}\u00a0\u00bb sticky_transition=\u00a0\u00bbon\u00a0\u00bb]<\/p>\n<p><span class=\"a_GcMg font-feature-liga-off font-feature-clig-off font-feature-calt-off text-decoration-none text-strikethrough-none\">Un docu-fiction pour la pr\u00e9vention des soignants<\/span><\/p>\n<p>[\/et_pb_slide][\/et_pb_slider][\/et_pb_column][\/et_pb_row][et_pb_row admin_label=\u00a0\u00bbVoix\u00a0\u00bb _builder_version=\u00a0\u00bb4.27.4&Prime; _module_preset=\u00a0\u00bbdefault\u00a0\u00bb global_colors_info=\u00a0\u00bb{}\u00a0\u00bb][et_pb_column type=\u00a0\u00bb4_4&Prime; _builder_version=\u00a0\u00bb4.27.4&Prime; _module_preset=\u00a0\u00bbdefault\u00a0\u00bb global_colors_info=\u00a0\u00bb{}\u00a0\u00bb][et_pb_text _builder_version=\u00a0\u00bb4.27.4&Prime; _module_preset=\u00a0\u00bbdefault\u00a0\u00bb background_color=\u00a0\u00bb#FFFFFF\u00a0\u00bb custom_margin=\u00a0\u00bb||||false|false\u00a0\u00bb custom_padding=\u00a0\u00bb2em|2em|2em|2em|true|true\u00a0\u00bb hover_enabled=\u00a0\u00bb0&Prime; custom_css_free_form=\u00a0\u00bbh2 {||  margin-top:0px;||  padding-top:0px;||}\u00a0\u00bb border_radii=\u00a0\u00bbon|8px|8px|8px|8px\u00a0\u00bb global_colors_info=\u00a0\u00bb{}\u00a0\u00bb header_2_line_height=\u00a0\u00bb2em\u00a0\u00bb sticky_enabled=\u00a0\u00bb0&Prime;]<\/p>\n<h2>Faire entendre la voix de la pr\u00e9vention<\/h2>\n<p>Forts de notre expertise et des enseignements issus du terrain, nous formulons des<strong> recommandations concr\u00e8tes, solides et argument\u00e9es<\/strong> aupr\u00e8s des d\u00e9cideurs publics et priv\u00e9s.<br \/>En d\u00e9montrant l\u2019impact tangible des projets que nous soutenons, nous encourageons leur reconnaissance, leur financement et leur essaimage \u00e0 plus grande \u00e9chelle.<br \/>Notre d\u00e9marche de plaidoyer s\u2019inscrit dans le temps long. Elle repose sur la<strong> force du collectif, en dialogue constant<\/strong> avec les d\u00e9cideurs.<br \/>Avec les autres acteurs de la pr\u00e9vention du suicide, nous \u0153uvrons \u00e0 faire \u00e9voluer les politiques et les pratiques, <strong>pour que la pr\u00e9vention reste une priorit\u00e9 nationale<\/strong>.<\/p>\n<p><strong>Notre ambition : contribuer, de mani\u00e8re durable, \u00e0 la r\u00e9duction significative du nombre de suicides et de tentatives en France.<\/strong><\/p>\n<p>[\/et_pb_text][\/et_pb_column][\/et_pb_row][\/et_pb_section]<\/p>\n","protected":false},"excerpt":{"rendered":"<p>Nos actions &nbsp; Soutenir les acteurs de terrain Nous finan\u00e7ons et accompagnons des projets port\u00e9s par des acteurs engag\u00e9s, pour faire \u00e9merger de solutions cr\u00e9atives et efficaces en pr\u00e9vention du suicide.Gr\u00e2ce \u00e0 nos appels \u00e0 projets, nous offrons aux structures de toute taille \u2013 en m\u00e9tropole comme en outre-mer \u2013 l\u2019opportunit\u00e9 de proposer leurs initiatives. [&hellip;]<\/p>\n","protected":false},"author":1,"featured_media":0,"parent":0,"menu_order":0,"comment_status":"closed","ping_status":"closed","template":"","meta":{"_et_pb_use_builder":"on","_et_pb_old_content":"","_et_gb_content_width":"","footnotes":""},"class_list":["post-839","page","type-page","status-publish","hentry"],"yoast_head":"<!-- This site is optimized with the Yoast SEO plugin v26.6 - https:\/\/yoast.com\/wordpress\/plugins\/seo\/ -->\n<title>Nos actions - Pr\u00e9vention suicide France<\/title>\n<meta name=\"robots\" content=\"noindex, follow, max-snippet:-1, max-image-preview:large, max-video-preview:-1\" \/>\n<meta property=\"og:locale\" content=\"fr_FR\" \/>\n<meta property=\"og:type\" content=\"article\" \/>\n<meta property=\"og:title\" content=\"Nos actions - Pr\u00e9vention suicide France\" \/>\n<meta property=\"og:description\" content=\"Nos actions &nbsp; Soutenir les acteurs de terrain Nous finan\u00e7ons et accompagnons des projets port\u00e9s par des acteurs engag\u00e9s, pour faire \u00e9merger de solutions cr\u00e9atives et efficaces en pr\u00e9vention du suicide.Gr\u00e2ce \u00e0 nos appels \u00e0 projets, nous offrons aux structures de toute taille \u2013 en m\u00e9tropole comme en outre-mer \u2013 l\u2019opportunit\u00e9 de proposer leurs initiatives. [&hellip;]\" \/>\n<meta property=\"og:url\" content=\"https:\/\/preprod.preventionsuicidefrance.org\/index.php\/nos-actions-2\/\" \/>\n<meta property=\"og:site_name\" content=\"Pr\u00e9vention suicide France\" \/>\n<meta property=\"article:modified_time\" content=\"2025-12-17T22:19:52+00:00\" \/>\n<meta name=\"twitter:card\" content=\"summary_large_image\" \/>\n<script type=\"application\/ld+json\" class=\"yoast-schema-graph\">{\"@context\":\"https:\/\/schema.org\",\"@graph\":[{\"@type\":\"WebPage\",\"@id\":\"https:\/\/preprod.preventionsuicidefrance.org\/index.php\/nos-actions-2\/\",\"url\":\"https:\/\/preprod.preventionsuicidefrance.org\/index.php\/nos-actions-2\/\",\"name\":\"Nos actions - Pr\u00e9vention suicide France\",\"isPartOf\":{\"@id\":\"https:\/\/preprod.preventionsuicidefrance.org\/#website\"},\"datePublished\":\"2025-12-17T10:28:16+00:00\",\"dateModified\":\"2025-12-17T22:19:52+00:00\",\"breadcrumb\":{\"@id\":\"https:\/\/preprod.preventionsuicidefrance.org\/index.php\/nos-actions-2\/#breadcrumb\"},\"inLanguage\":\"fr-FR\",\"potentialAction\":[{\"@type\":\"ReadAction\",\"target\":[\"https:\/\/preprod.preventionsuicidefrance.org\/index.php\/nos-actions-2\/\"]}]},{\"@type\":\"BreadcrumbList\",\"@id\":\"https:\/\/preprod.preventionsuicidefrance.org\/index.php\/nos-actions-2\/#breadcrumb\",\"itemListElement\":[{\"@type\":\"ListItem\",\"position\":1,\"name\":\"Accueil\",\"item\":\"https:\/\/preprod.preventionsuicidefrance.org\/\"},{\"@type\":\"ListItem\",\"position\":2,\"name\":\"Nos actions\"}]},{\"@type\":\"WebSite\",\"@id\":\"https:\/\/preprod.preventionsuicidefrance.org\/#website\",\"url\":\"https:\/\/preprod.preventionsuicidefrance.org\/\",\"name\":\"Pr\u00e9vention suicide France\",\"description\":\"Pour une pr\u00e9vention du suicide qui innove et rassemble\",\"potentialAction\":[{\"@type\":\"SearchAction\",\"target\":{\"@type\":\"EntryPoint\",\"urlTemplate\":\"https:\/\/preprod.preventionsuicidefrance.org\/?s={search_term_string}\"},\"query-input\":{\"@type\":\"PropertyValueSpecification\",\"valueRequired\":true,\"valueName\":\"search_term_string\"}}],\"inLanguage\":\"fr-FR\"}]}<\/script>\n<!-- \/ Yoast SEO plugin. -->","yoast_head_json":{"title":"Nos actions - Pr\u00e9vention suicide France","robots":{"index":"noindex","follow":"follow","max-snippet":"max-snippet:-1","max-image-preview":"max-image-preview:large","max-video-preview":"max-video-preview:-1"},"og_locale":"fr_FR","og_type":"article","og_title":"Nos actions - Pr\u00e9vention suicide France","og_description":"Nos actions &nbsp; Soutenir les acteurs de terrain Nous finan\u00e7ons et accompagnons des projets port\u00e9s par des acteurs engag\u00e9s, pour faire \u00e9merger de solutions cr\u00e9atives et efficaces en pr\u00e9vention du suicide.Gr\u00e2ce \u00e0 nos appels \u00e0 projets, nous offrons aux structures de toute taille \u2013 en m\u00e9tropole comme en outre-mer \u2013 l\u2019opportunit\u00e9 de proposer leurs initiatives. [&hellip;]","og_url":"https:\/\/preprod.preventionsuicidefrance.org\/index.php\/nos-actions-2\/","og_site_name":"Pr\u00e9vention suicide France","article_modified_time":"2025-12-17T22:19:52+00:00","twitter_card":"summary_large_image","schema":{"@context":"https:\/\/schema.org","@graph":[{"@type":"WebPage","@id":"https:\/\/preprod.preventionsuicidefrance.org\/index.php\/nos-actions-2\/","url":"https:\/\/preprod.preventionsuicidefrance.org\/index.php\/nos-actions-2\/","name":"Nos actions - Pr\u00e9vention suicide France","isPartOf":{"@id":"https:\/\/preprod.preventionsuicidefrance.org\/#website"},"datePublished":"2025-12-17T10:28:16+00:00","dateModified":"2025-12-17T22:19:52+00:00","breadcrumb":{"@id":"https:\/\/preprod.preventionsuicidefrance.org\/index.php\/nos-actions-2\/#breadcrumb"},"inLanguage":"fr-FR","potentialAction":[{"@type":"ReadAction","target":["https:\/\/preprod.preventionsuicidefrance.org\/index.php\/nos-actions-2\/"]}]},{"@type":"BreadcrumbList","@id":"https:\/\/preprod.preventionsuicidefrance.org\/index.php\/nos-actions-2\/#breadcrumb","itemListElement":[{"@type":"ListItem","position":1,"name":"Accueil","item":"https:\/\/preprod.preventionsuicidefrance.org\/"},{"@type":"ListItem","position":2,"name":"Nos actions"}]},{"@type":"WebSite","@id":"https:\/\/preprod.preventionsuicidefrance.org\/#website","url":"https:\/\/preprod.preventionsuicidefrance.org\/","name":"Pr\u00e9vention suicide France","description":"Pour une pr\u00e9vention du suicide qui innove et rassemble","potentialAction":[{"@type":"SearchAction","target":{"@type":"EntryPoint","urlTemplate":"https:\/\/preprod.preventionsuicidefrance.org\/?s={search_term_string}"},"query-input":{"@type":"PropertyValueSpecification","valueRequired":true,"valueName":"search_term_string"}}],"inLanguage":"fr-FR"}]}},"_links":{"self":[{"href":"https:\/\/preprod.preventionsuicidefrance.org\/index.php\/wp-json\/wp\/v2\/pages\/839","targetHints":{"allow":["GET"]}}],"collection":[{"href":"https:\/\/preprod.preventionsuicidefrance.org\/index.php\/wp-json\/wp\/v2\/pages"}],"about":[{"href":"https:\/\/preprod.preventionsuicidefrance.org\/index.php\/wp-json\/wp\/v2\/types\/page"}],"author":[{"embeddable":true,"href":"https:\/\/preprod.preventionsuicidefrance.org\/index.php\/wp-json\/wp\/v2\/users\/1"}],"replies":[{"embeddable":true,"href":"https:\/\/preprod.preventionsuicidefrance.org\/index.php\/wp-json\/wp\/v2\/comments?post=839"}],"version-history":[{"count":3,"href":"https:\/\/preprod.preventionsuicidefrance.org\/index.php\/wp-json\/wp\/v2\/pages\/839\/revisions"}],"predecessor-version":[{"id":848,"href":"https:\/\/preprod.preventionsuicidefrance.org\/index.php\/wp-json\/wp\/v2\/pages\/839\/revisions\/848"}],"wp:attachment":[{"href":"https:\/\/preprod.preventionsuicidefrance.org\/index.php\/wp-json\/wp\/v2\/media?parent=839"}],"curies":[{"name":"wp","href":"https:\/\/api.w.org\/{rel}","templated":true}]}}